) = -54*i**2 + 33*i + 19. Let v(x) = -3*k(x) + 5*o(x). Is v(-6) composite?
False
Let u be 0/((2 - -2)/4). Suppose 8*g - 11*g = u. Suppose 0*q + q - 23 = g. Is q prime?
True
Suppose -37 = 6*k + 65. Let x = k - -20. Suppose -2*w = -x - 15. Is w a composite number?
True
Is (-3378)/(-15)*(5 + 0) composite?
True
Suppose 5*a - 11 = 114. Suppose -4*b = -29 + a. Is 489/1 - (b - -1) composite?
False
Is (-1)/2 - (-5833938)/44 a composite number?
False
Is 1 - (-30805)/10 - 9/(-6) a prime number?
True
Suppose w + 3*l + l = 7019, -3*w + 3*l + 21057 = 0. Is w composite?
False
Suppose 4*d - 20 = -c, 2*d = -3*c + 3*d + 34. Let s(u) = -u**3 + 13*u**2 - 4*u - 13. Is s(c) prime?
True
Is 9566/(12/(-6) - -9 - 5) prime?
True
Suppose -7*o + 3*o - 4*y = 48, o + 5*y - 4 = 0. Is (-4)/o - 2006/(-8) prime?
True
Let h = 23 - 10. Suppose -4*a + 1 = -4*z + 29, 3*a + h = z. Suppose -z*g + 5*t + 4293 = 0, 4*t + 0*t - 5397 = -5*g. Is g a composite number?
True
Let w be (-5)/2 - -3 - 319/(-2). Let f = w + 133. Is f composite?
False
Let d(o) = 648*o**3 + 4*o**2 - 11*o + 13. Is d(2) a prime number?
False
Is (40/(-100))/((-7)/(608055/6)) composite?
False
Let y(o) = 4*o + 14. Let f be y(5). Is ((-716)/(-6))/(f/561) a prime number?
False
Let g(h) = 1809*h - 269. Is g(14) composite?
False
Let a(o) = 5173*o**3 + 2*o**2 - 3*o + 1. Let v be a(1). Suppose 11*w + v = 18*w. Is w a composite number?
False
Suppose q - 1 = -d, 4*d + q - 2 - 11 = 0. Suppose -2*j = -3*k - 661, -884 = -0*k + d*k - 2*j. Let m = 384 + k. Is m a composite number?
True
Suppose 5*x + 2 = -2*u + 7, 3*x + 6 = -3*u. Suppose -2*f - 298 = -2*p - f, -3*f + 447 = x*p. Is p a prime number?
True
Suppose -1046 = 4*g - 4050. Is g a prime number?
True
Let a(m) = 17*m + 1. Let u be a(1). Suppose 5*y - 14 = -x, 2*y + 4*x - u = y. Suppose -306 = -y*z - 4*p + 292, -4*z + 1172 = -4*p. Is z a composite number?
True
Let u(t) = t**3 + 8*t**2 + 2*t - 6. Let v be u(-8). Let f be (2 - 1)*6556/v. Is (f/4)/((-11)/22) a prime number?
True
Suppose -5*x - 4 = -2*c, 5*c + 8 = 4*x + 1. Let t = 3 + c. Suppose t = 3*n, -z - 2*n = -0 - 67. Is z a composite number?
False
Suppose 2*v - d - 15 = 0, 3*v + 3*d = -2*d - 10. Suppose -4*u - 1359 = -9*u - 2*s, 0 = 3*u + v*s - 804. Suppose -u + 70 = -l. Is l prime?
False
Let q(m) = -m + 15. Let x be q(10). Suppose -3*t + t = 4*u - 12, -12 = -x*u - 4*t. Suppose -i - i + 260 = u*k, 3*k + i - 197 = 0. Is k a prime number?
True
Suppose 0 = -24*v - 27*v + 77061. Is v composite?
False
Let a = 7371 - 1124. Is a a prime number?
True
Suppose -3*t = -6*t + 60. Suppose -t = -4*o, -4*d - 2*o + 567 = -951. Is d composite?
True
Suppose -19*b + 15*b + 32456 = 0. Is b composite?
True
Let h = 7618 - 4364. Let v = h + -931. Is v a composite number?
True
Suppose -3*b = -5 - 1. Suppose b*p + 0*p = -h + 502, -p - h = -251. Is p composite?
False
Suppose 0 = 23*p - 20*p - 57. Let j(f) = -17 + 25*f + p - 7*f + 0*f. Is j(4) a prime number?
False
Suppose -126 + 22 = -4*m. Suppose -3*h - m - 4 = 0. Is 3/(-1)*(h + -37) a prime number?
False
Suppose 96*t - 85*t - 285659 = 0. Is t a composite number?
False
Let k = 155 + -141. Is (-5862)/(-14) + 4/k a composite number?
False
Let k(b) = -b + 5. Let p be k(0). Suppose 0*n + p*n = 25. Suppose 4*w = 3*j + j - 216, n*j = -2*w + 263. Is j prime?
True
Is (-772)/(-2) + (-10 - -15) prime?
False
Let b = 97 - 94. Suppose b*o - 6272 = 8485. Is o a prime number?
True
Suppose -12*q = -9*q. Let z(k) = -k + 3*k**3 + q + k**3 + 2*k**2 - 2. Is z(3) a composite number?
True
Suppose -5*z + 229 = j, 5*j - 4 = 9*j. Is z composite?
True
Let i(w) = -w**3 + 10*w**2 - 3*w + 9. Let y be (29 - -1) + 0/3. Suppose -3*j - 1 = 8*t - 3*t, 5*j + 2*t - y = 0. Is i(j) composite?
False
Let a = -73 - -75. Let n(o) = 49*o**3 + 3*o**2 - 6*o + 5. Is n(a) a composite number?
False
Let z(a) = 2722*a**2 - 16*a - 63. Is z(-4) composite?
True
Suppose -8*v + 13357 = 11*v. Is v prime?
False
Let i(p) = -p**3 - 4*p**2 - 3*p + 3. Let w be i(-4). Let x = 18 - w. Suppose x*m - 39 = 18. Is m a prime number?
True
Let g = 19296 - 11681. Is g composite?
True
Let d = -510 + 721. Is d composite?
False
Suppose -2*j + 4*g + 2746 = 0, -13*j + g = -10*j - 4094. Is j a composite number?
True
Let q(s) = 38*s**3 + 5*s**2 - 15*s - 17. Is q(5) prime?
True
Let d be 28*(-1 + 3) - -4. Is (14380/d)/(1/3) composite?
False
Let s be (-9)/(-2 - (-147)/78). Let v be (s/4)/((-3)/56). Is (0 - -2)*v/(-8) a composite number?
True
Let i(n) = n**3 + 7*n**2 + 6*n. Let z be i(-2). Is z/(-20) - (0 + 40791/(-15)) a prime number?
True
Let q = 9 + -5. Suppose -x + 412 = -q*k - k, x - 3*k = 406. Is x prime?
True
Let c be ((-4)/(-6))/((-2)/(-18)*1). Let w = 827 + -128. Suppose -9*t + w = -c*t. Is t prime?
True
Let n(d) = -363*d. Let z be n(-2). Suppose 3*t - 531 = 3*g, g - 5*g - 5*t = z. Let y = 44 - g. Is y composite?
False
Let y(x) = 3*x + 921. Is y(0) prime?
False
Is (1 + -51232)*28/(-84) a composite number?
False
Let n = 54 + 212. Let u = n - -821. Is u composite?
False
Suppose -119 = -4*c + 137. Suppose 0 = 4*a + c + 36. Let h = a - -102. Is h a prime number?
False
Let t(r) = 49*r**2 + 42*r + 17. Is t(6) a prime number?
False
Let a(v) = v**2 + 4*v - 7. Let p be a(12). Suppose s + p = 6*s. Is s composite?
False
Suppose -2*v = 5*c - 475, 319 + 336 = 3*v - 4*c. Let x be ((-74)/6)/((-5)/v). Suppose -i + x = 18. Is i a composite number?
True
Suppose 4*a + 0*a + 4*j = 0, -3*a = -3*j - 24. Suppose a*z - 1676 = 3*m - 6*m, -m - 419 = -z. Is z a prime number?
True
Let f be 1 + 823 + 2 - (-1 + 1). Let o = -347 + f. Is o prime?
True
Suppose 5*z = 2*m - 8172, -9*m + 4095 = -8*m + 2*z. Is m a prime number?
True
Suppose 5*m = 5*x + 4 + 31, 5*m + 3*x = 59. Is 2 - (-3 - (3 - m)) - -649 a prime number?
True
Let y(h) = -84*h**3 - 3*h - 1. Let f(b) = b + 4. Let d be f(-6). Is y(d) a composite number?
False
Let j(o) be the second derivative of -22*o**3 + 7*o**2/2 + 3*o. Is j(-5) a prime number?
False
Let p = -1 + -120. Let q = p - -180. Is q prime?
True
Suppose 6*s - 8*s = 0. Suppose -x - 3*v - 1891 = -2*x, s = 5*x + 5*v - 9535. Is x composite?
True
Let n(x) = -x**3 - 6*x**2 - 2*x - 4. Let t be n(-6). Let s(z) = t + 8*z - 1 + 8 - 2. Is s(8) composite?
True
Let t = 27 - 25. Suppose 5*x + 2*u - 587 = -t*u, 4*x - 3*u = 482. Is x a composite number?
True
Is (-659)/((-4)/22 + (-7)/(-77)) prime?
False
Let u(l) = 199*l - 6. Let q(x) = -399*x + 12. Let b(v) = 6*q(v) + 13*u(v). Suppose -5*c = g - 25, -g - 4*c + 11 = -2*g. Is b(g) a prime number?
False
Let j = 7 + -7. Let m(q) be the first derivative of -q**4/4 + q**3/3 - q**2/2 + 194*q + 2. Is m(j) composite?
True
Let l(w) = 972*w**2 + 4*w + 27. Is l(5) a prime number?
False
Let k(s) = s - 3*s + 0*s - 21 + 14. Let v be k(-6). Suppose v*g = g + 76. Is g a prime number?
True
Let f be (-7 + 2 + 3)*-2. Suppose -f*o - r + 1868 = 0, 5*o + 3*r - 1401 = 2*o. Is o a prime number?
True
Suppose -8*v + 48 = -14*v. Let y(u) = 2*u**2 - 6*u + 15. Is y(v) a prime number?
True
Let r = 105 + -99. Suppose 4*g - 298 = -2*y, r*g = g + 3*y + 400. Is g a composite number?
True
Let p be (12/24 + (-11)/2)*-1. Suppose 2*g + 5*t - 564 = 0, -1443 = -p*g + 10*t - 6*t. Is g composite?
True
Let t = 13862 + -2527. Is t composite?
True
Suppose 1229181 = 57*g + 300024. Is g composite?
False
Is ((-2290)/20)/((-5)/130) a prime number?
False
Let v be (-4)/(0 + 2/51). Let o(y) = 2*y**3 + 4*y**2 + 9*y - 4. Let t be o(-3). Let m = t - v. Is m a prime number?
True
Is (4/(24/(-6081)))/((-6)/36) prime?
False
Suppose 2*i = -4*r + 22, 7*r - 3*r - 4*i - 28 = 0. Let p = 25 + r. Suppose b + 0*b = p. Is b a prime number?
True
Suppose -3*d - 4*q + 4664 = d, 0 = -d - 4*q + 1151. Suppose -7*x - d = -8*x. Is x a prime number?
True
Let x be 155/25 + 1/(-5). Let f(v) = 3*v**3 - 7*v**2 + 9*v - 5. Is f(x) a prime number?
False
Let c be (-6)/(-27) - 52214/(-18). Let h(a) = 11*a**3 + 16*a**2 + 11*a + 8. Let x be h(-6). Let t = x + c. Is t a prime number?
False
Let g(b) be the second derivative of 7*b**4/6 - b**3/3 - 3*b**2/2 - 17*b + 1. Suppose p - 1 = -w - 0, 4 = -5*w - 2*p. Is g(w) a composite number?
True
Let j = 98 - 98. Suppose j = -3*q + 3*a + 1446, 0 = 3*q - 0*q - 2*a - 1445. Is q composite?
True
Suppose -96*w = -36*w - 273300. Is w a composite number?
True
Let p be (4 + -2)*33/6. Let w = p + -6. Su